 a prime number?
False
Is 12511 a composite number?
False
Is 369947 composite?
False
Is 2234733 a composite number?
True
Is 381401 a composite number?
False
Is 1504271 a prime number?
True
Is 68721 a composite number?
True
Is 63373 prime?
False
Is 21694 composite?
True
Is 124715 prime?
False
Is 2333 composite?
False
Is 53183 composite?
True
Is 143674 a composite number?
True
Is 291751 a composite number?
False
Is 34309 a prime number?
False
Is 207541 a prime number?
True
Is 808837 a prime number?
True
Is 8885 a composite number?
True
Is 19103 prime?
False
Is 3863 a composite number?
False
Is 1027058 a composite number?
True
Is 4327 a composite number?
False
Is 100231 prime?
False
Is 15441 a composite number?
True
Is 4271 a composite number?
False
Is 45233 composite?
False
Is 56731 composite?
False
Is 103957 a prime number?
False
Is 51109 prime?
True
Is 14101 prime?
False
Is 3891 a composite number?
True
Is 44777 composite?
False
Is 321091 prime?
True
Is 539061 composite?
True
Is 11213 a prime number?
True
Is 90239 composite?
False
Is 39823 a composite number?
True
Is 5939 a prime number?
True
Is 72139 prime?
True
Is 3017 a prime number?
False
Is 32959 a composite number?
True
Is 2999 a prime number?
True
Is 56359 a composite number?
False
Is 743701 composite?
True
Is 453671 composite?
False
Is 4861 prime?
True
Is 37159 composite?
False
Is 989269 a composite number?
True
Is 33013 composite?
False
Is 733 composite?
False
Is 14519 composite?
False
Is 35218 a prime number?
False
Is 564113 a composite number?
True
Is 29179 composite?
False
Is 263503 a prime number?
True
Is 5737 composite?
False
Is 19027 composite?
True
Is 39595 composite?
True
Is 16799 prime?
False
Is 183431 a prime number?
False
Is 23099 a composite number?
False
Is 40577 a composite number?
False
Is 638447 a composite number?
True
Is 65993 composite?
False
Is 92203 composite?
False
Is 260257 composite?
True
Is 197929 prime?
False
Is 1396979 composite?
False
Is 134735 a prime number?
False
Is 439781 prime?
True
Is 467863 a prime number?
False
Is 73813 composite?
True
Is 4713 composite?
True
Is 9967 prime?
True
Is 24269 a prime number?
False
Is 5218 prime?
False
Is 1814 a composite number?
True
Is 1201569 composite?
True
Is 9059 a composite number?
False
Is 318983 a prime number?
False
Is 13147 prime?
True
Is 147143 a composite number?
True
Is 109507 prime?
True
Is 2007763 prime?
True
Is 1898913 a composite number?
True
Is 37691 a prime number?
True
Is 45886 a prime number?
False
Is 417323 composite?
True
Is 11159 a prime number?
True
Is 2737349 prime?
False
Is 20017 prime?
False
Is 673747 a prime number?
True
Is 9883241 prime?
True
Is 206 composite?
True
Is 187823 a prime number?
True
Is 2047 composite?
True
Is 2813 a prime number?
False
Is 382303 composite?
False
Is 89477 a composite number?
False
Is 293803 a prime number?
True
Is 6187 a prime number?
False
Is 27179 a composite number?
False
Is 2020721 a prime number?
True
Is 1171 prime?
True
Is 2819 a composite number?
False
Is 452063 a composite number?
True
Is 1772677 composite?
False
Is 396239 a prime number?
True
Is 35729 a prime number?
True
Is 59039 a prime number?
False
Is 16637 prime?
False
Is 107573 prime?
False
Is 31379 prime?
True
Is 137999 composite?
False
Is 135271 prime?
True
Is 12481 prime?
False
Is 14227 a prime number?
False
Is 1021222 a composite number?
True
Is 1620353 a composite number?
True
Is 144623 composite?
True
Is 174221 prime?
True
Is 328145 composite?
True
Is 269897 composite?
False
Is 1039 a prime number?
True
Is 26365 composite?
True
Is 354517 a composite number?
True
Is 35419 a prime number?
True
Is 83689 prime?
True
Is 68462 a composite number?
True
Is 83311 a composite number?
False
Is 178291 a prime number?
False
Is 48333 prime?
False
Is 5923 a composite number?
False
Is 353327 a composite number?
True
Is 10123 composite?
True
Is 313373 a composite number?
False
Is 669049 a prime number?
True
Is 5249 prime?
False
Is 1714 prime?
False
Is 46381 a composite number?
False
Is 133559 a prime number?
True
Is 2117 a composite number?
True
Is 2921 composite?
True
Is 88493 composite?
False
Is 9353 a prime number?
False
Is 22405 prime?
False
Is 7279 prime?
False
Is 33559 composite?
True
Is 48383 prime?
True
Is 158683 composite?
True
Is 30631 a prime number?
True
Is 1111313 composite?
True
Is 235435 prime?
False
Is 60181 prime?
False
Is 750707 composite?
False
Is 793913 a prime number?
False
Is 757355 composite?
True
Is 5497 a composite number?
True
Is 65393 prime?
True
Is 629 a prime number?
False
Is 13535 a prime number?
False
Is 16847 a prime number?
False
Is 5873 a composite number?
True
Is 149 prime?
True
Is 234007 prime?
True
Is 463093 prime?
True
Is 523297 a prime number?
True
Is 644231 a composite number?
True
Is 4861 composite?
False
Is 27847 a prime number?
True
Is 98789 composite?
True
Is 13561 a composite number?
True
Is 17279 a composite number?
True
Is 51539 a prime number?
True
Is 3389 prime?
True
Is 3217 composite?
False
Is 8663 prime?
True
Is 2901 a prime number?
False
Is 6596227 a prime number?
False
Is 8049 a composite number?
True
Is 38821 composite?
False
Is 90227 prime?
True
Is 31747 a composite number?
True
Is 34249 a composite number?
True
Is 91169 a composite number?
True
Is 29771 a prime number?
False
Is 10589 a composite number?
False
Is 101449 prime?
True
Is 1807061 a composite number?
False
Is 110293 a composite number?
True
Is 282617 a prime number?
True
Is 1131679 a prime number?
False
Is 135371 composite?
True
Is 109493 a composite number?
True
Is 3353 prime?
False
Is 560389 a prime number?
False
Is 1399 composite?
False
Is 2221 prime?
True
Is 13649 a prime number?
True
Is 737 composite?
True
Is 301519 a prime number?
False
Is 124871 a prime number?
False
Is 56183 a prime number?
False
Is 66029 composite?
False
Is 472117 a prime number?
False
Is 890837 a prime number?
False
Is 25663 a prime number?
False
Is 64951 prime?
True
Is 40345 composite?
True
Is 7779 prime?
False
Is 4327 a composite number?
False
Is 12437 prime?
True
Is 1324043 a prime number?
False
Is 23234 a composite number?
True
Is 1298837 a prime number?
False
Is 1759 prime?
True
Is 77771 a prime number?
False
Is 44749 prime?
False
Is 151591 prime?
False
Is 210943 prime?
True
Is 21959 a composite number?
True
Is 35491 prime?
True
Is 1819 prime?
False
Is 62471 prime?
False
Is 43391 a prime number?
True
Is 113395 prime?
False
Is 285869 a composite number?
True
Is 447311 a composite number?
False
Is 1361 a composite number?
False
Is 45431 a composite number?
True
Is 53555 a prime number?
False
Is 61123 a prime number?
False
Is 242279 composite?
False
Is 124003 a prime number?
False
Is 41621 composite?
False
Is 30529 composite?
False
Is 10427 composite?
False
Is 26938 composite?
True
Is 49309 prime?
False
Is 2302 prime?
False
Is 492379 a prime number?
False
Is 301267 composite?
False
Is 5363 composite?
True
Is 2449 a composite number?
True
Is 3239 prime?
False
Is 79757 prime?
True
Is 12373 composite?
False
Is 205043 prime?
True
Is 20662 a composite number?
True
Is 975073 a prime number?
False
Is 4547 a prime number?
True
Is 6537 a composite number?
True
Is 5088035 a prime number?
False
Is 15641 prime?
True
Is 67699 prime?
True
Is 36169 a composite number?
True
Is 8285 a composite number?
True
Is 745 a prime number?
False
Is 793957 a prime number?
True
Is 578183 a composite number?
False
Is 108067 composite?
True
Is 55949 composite?
False
Is 181603 prime?
True
Is 146347 a prime number?
True
Is 204047 a composite number?
False
Is 39518 a composite number?
True
Is 38543 composite?
False
Is 333187 a composite number?
False
Is 322349 prime?
True
Is 67601 a composite number?
False
Is 36502 a prime number?
False
Is 121997 a prime number?
True
Is 579179 prime?
True
Is 31121 prime?
True
Is 302999 a prime number?
True
Is 118619 a composite number?
False
Is 24997 a composite number?
True
Is 118343 composite?
False
Is 18689 a prime number?
False
Is 290471 composite?
False
Is 567719 composite?
False
Is 351697 prime?
False
Is 372959 a composite number?
True
Is 1777 a prime number?
True
Is 443837 a composite number?
False
Is 115831 a prime number?
True
Is 337273 prime?
False
Is 899086 composite?
True
Is 4271 composite?
False
I